= -r + 4, 0*y - y + 17 = 2*r. What is the units digit of y?
9
Let x be 2/11 + 60/33. Let k(f) = 14*f - x*f - f**2 - 5 - 1 + 0. What is the units digit of k(9)?
1
Let s be (-4)/(-6)*(11 - 2). Let l(x) = x**2 - 7*x + 9. Let f be l(s). Suppose 0 = -4*h + 5*v + 13, 3*h + 2*v - 1 - f = 0. What is the units digit of h?
2
Let x(n) = -1 + 3*n - 1 - 4*n. Let p be x(-5). Suppose -k - p + 8 = 0. What is the units digit of k?
5
Let t(i) = i**3 - i - 2. Let w(l) = l**2 - 8*l + 9. Suppose 0*a - 16 = -4*a, -r + 5*a = 13. Let v be w(r). What is the units digit of t(v)?
4
Suppose -2 = s - 4. Let g(u) = -2 - 2*u**s + u**2 + 10. What is the units digit of g(0)?
8
Let g(o) = o**2 - 10*o + 17. Let z be g(14). Let v = 111 - z. What is the units digit of v?
8
Let z = 11 + -6. Suppose 0 = -4*s - 5*d - 23, 0 = -z*d - 10 - 5. What is the units digit of (-36)/(-15) - s/(-5)?
2
What is the units digit of ((-10)/4)/((-5)/12)?
6
Let v = 81 - 26. What is the units digit of v?
5
Let i = 18 + -13. Let g be i/(-2) - (-1)/(-2). What is the units digit of (g - -2)/1 + 7?
6
Suppose 0 = i - 2*i + 12. Suppose a - i = -3*a. What is the units digit of a?
3
Let g(r) = r**2 + 9*r - 9. Let j(x) = -2*x**2 - 8*x + 9. Let q(p) = 3*g(p) + 2*j(p). What is the tens digit of q(6)?
2
Suppose 4*j = 16, -6*v + 2*j + 17 = -v. Suppose 0 = 5*l - 0*c - 2*c - 193, v*l = -4*c + 169. What is the tens digit of l?
3
Let o be 8*(9/(-6))/(-3). Suppose -2*m = 2*y + 2, -o*y = -0*m + 2*m - 4. What is the units digit of (-3 - -1)/m*12?
6
Suppose -4*z = -38 - 70. What is the units digit of -1 + -1 + z + 5?
0
Suppose q - 12 = 5*p + 14, -2*q - p = -85. What is the tens digit of q?
4
Suppose -5*v + 441 = -209. Suppose -5*k = 5*u - v, -4*u - 2*k + 100 = -0*k. Suppose -2*s - s = o - 18, -o = 4*s - u. What is the units digit of s?
6
Let o(c) = -c**3 - 7*c**2 - 8*c - 8. Let u be o(-6). Suppose -u*g - 6 = -26. What is the units digit of g?
5
Let d(h) = -4*h - 1. Let q be d(-1). Suppose 0*g = g + q. Let x(w) = -6*w - 3. What is the tens digit of x(g)?
1
Let j(r) = r**2 - r - 4. Let s be j(-3). Let b be (-42)/(-2) + (s - 5). Let v = b + -9. What is the tens digit of v?
1
Let i = 93 - 49. What is the units digit of i?
4
Suppose 5*b = 4*w + 9, 0*b - 33 = -2*w - 5*b. Suppose -w*i + 0*i - 20 = 0. Let s = 7 + i. What is the units digit of s?
2
Let d be (-1 - -2)/(3/9). Let s be 4/(d/6 - 0). What is the units digit of (-11)/(-9) + s/(-36)?
1
Let x be 15 - (2 + 1 + -2). Suppose 4*a - x = 30. Suppose 4*z - 41 = a. What is the tens digit of z?
1
Suppose 0*k + 2*k - 2 = 0. What is the units digit of k?
1
Let n(g) = 4*g**3 - 4*g**2 + 2*g. Let z be n(2). Let j = z + -5. What is the units digit of j?
5
Suppose 4*d + 32 = 4*f, -7*f + 3*f = 5*d - 5. Let i(g) = 2*g + 4. Let p be i(-4). Let k = f + p. What is the units digit of k?
1
Let w = -9 - -16. What is the units digit of w?
7
Let x(k) = -k**2 + k + 5. Suppose -2*l + 0*l + 26 = 2*u, -3*l + 36 = 2*u. Suppose l*v - 5*v = 0. What is the units digit of x(v)?
5
Let s = 60 - 43. What is the units digit of s?
7
Let k(n) = n**3 - 3*n**2 + 2*n + 1. Let w = 0 - -2. What is the units digit of k(w)?
1
Let g(p) = 2*p**2 - 4*p + 5. Let u(h) = 4*h**3 - h + 1. Let d be u(1). What is the tens digit of g(d)?
2
Suppose -5*h + 38 + 22 = 0. Suppose i - h = 11. What is the units digit of i?
3
Let o = -8 - -8. Suppose 5*t - 3*x - 83 = o, -4*x + 0*x = -4*t + 68. What is the tens digit of t?
1
Suppose r - 5*l + 70 = 6*r, -10 = 5*l. What is the units digit of r?
6
Suppose z + 0*z - 15 = 0. Suppose 0 = 3*f - 39 - z. What is the units digit of f?
8
Suppose 0*r = -3*r + 24. Let v be (r - 4) + -1*2. Suppose v*k = 6*k - 8. What is the units digit of k?
2
Suppose -4*g + 2485 = -971. What is the tens digit of 2/(-10) - g/(-45)?
1
Suppose 4*k = 11 + 9. Suppose 4*j = -k*s + 17 + 13, 5*s + 20 = j. What is the tens digit of j?
1
Suppose 22*m = 24*m - 222. What is the hundreds digit of m?
1
Let x = 5 + 17. Let m = -14 + x. What is the units digit of m?
8
Suppose 5*s = -h - 2*h - 166, 5*h + 281 = -4*s. Let o = 2 - h. What is the units digit of o?
9
What is the units digit of 39 + (-4)/((-12)/(-9))?
6
Let k(f) = -f + 7. Let m be 15/(-3)*(-1)/1. Let p be k(m). Suppose 2*b - 12 = -2*y, -3*y + 0 = -b - p. What is the units digit of b?
4
Let p(w) = -10 + 9*w + 1 - w**2 + w. Let l be p(9). Suppose 4*i - 3*t - 40 = l, -3*i + 4 = 4*t - 1. What is the units digit of i?
7
Suppose 3*g = -2*g. Suppose 0 = -d + 6 - g. What is the units digit of d?
6
Let x(z) = -9*z + 5. What is the units digit of x(-3)?
2
Let z = 3 - 3. Let h be ((-9)/3)/((-6)/10). Let a = h - z. What is the units digit of a?
5
Let l be ((-18)/(-10))/(13/585). Let x = l - 36. What is the units digit of x?
5
Let n = 61 + 229. What is the tens digit of n?
9
Suppose -3 = b, 5*c = -4*b - b - 10. Let p = 1 + c. Suppose 4*f + p*y = 36, 3*y = 7 + 5. What is the units digit of f?
7
Let l(z) = -z - 5. Let t be l(-7). What is the units digit of 1/(t/(-4)*-2)?
1
Let s = -3 + 9. What is the units digit of (-15)/s*(-6)/5?
3
Suppose 4*u + 5*k - 119 = 0, -2*u = u + k - 92. Let d = u - 21. What is the tens digit of d?
1
What is the units digit of (-8)/2*(-10)/8 + 3?
8
Suppose 5*z - x = -145, z - 5*z + x - 115 = 0. What is the units digit of (-144)/z*(7 - 2)?
4
Suppose k = -3*k + 96. What is the units digit of (7/(14/k))/1?
2
Suppose 5*u = 8*u - 9. Suppose 0 = u*w + 34 - 112. What is the tens digit of w?
2
Let r = -1 - -72. What is the tens digit of r?
7
Suppose -5*q - 10 = -0. Suppose 0 = -h - 4. Let r = q - h. What is the units digit of r?
2
Suppose m = -4*z + 30, 0 = 3*z - 0*z - 5*m - 34. What is the units digit of (2/3)/(z/12)?
1
Let a(b) = 2*b**2 + 8*b + 5. Suppose -4*w - 33 = 6*x - x, 5*w - 10 = 4*x. What is the units digit of a(x)?
5
Suppose -48*w + 37*w = -3795. What is the units digit of w?
5
What is the tens digit of 21 + (-3 + 1 + 0 - -1)?
2
Suppose -3*d + 0*d + 15 = 0. Suppose -4*i = a + 2, -d*a + 3*i = -i - 62. What is the tens digit of a?
1
Let t = 305 - 207. What is the tens digit of t?
9
Suppose 3*z + 3 - 5 = -4*j, -6 = -4*z - 2*j. Suppose z*p = 8, -20 = -3*g + 5*p - 10*p. Suppose -t - 2*t + 3 = g. What is the units digit of t?
1
What is the units digit of -2 - ((-5 - -3) + -146)?
6
Let v(u) = 6*u**2 + 4*u - 3. What is the units digit of v(3)?
3
Let n = 1170 + -803. What is the tens digit of n?
6
Suppose 26 - 10 = 4*x. Suppose x*n = -43 + 115. What is the tens digit of n?
1
Let c(d) = d**3 + 2*d**2 + d + 1. Let a(w) = -w**3 + w. Let y(b) = -2*a(b) - c(b). Let o be y(-2). Let m = o - -26. What is the units digit of m?
5
Suppose 0*g - 3*g - 5*f = 5, -36 = -4*g + 4*f. What is the units digit of g?
5
Suppose 4*w - 191 = 3*j, -5*w - 4*j + 231 = -0*j. What is the units digit of w?
7
Let m(d) = 7*d**2 + d. Let z be m(-1). What is the units digit of (-2 - z/(-8))*-4?
5
Let f(o) be the second derivative of 7*o**4/12 - o**3/6 - o. What is the units digit of f(1)?
6
Let j(w) = -w**3 - w + 7. What is the units digit of j(0)?
7
Let u(f) = -92*f - 22. What is the hundreds digit of u(-3)?
2
Let b = 25 - 12. Suppose b = w - 2*x - 3, -52 = -4*w + 5*x. What is the units digit of w?
8
Let b be 3/(-12) + (-39)/(-12). Suppose 2*l + 58 = b*x, -2*x - l + 26 + 15 = 0. What is the tens digit of x?
2
Suppose -l + 3*y = 2*l - 189, 0 = -3*l - 2*y + 184. Let z = l - 44. What is the units digit of z?
8
Suppose 38 = 2*d + h, 2*d - 72 = -3*h - 30. Suppose 5*o - d = 137. What is the tens digit of o?
3
Suppose -5*p - 5*z = -10, 9 = -4*p + z + 22. Suppose p*h + 27 = 3*b, -4*h + 70 + 6 = 4*b. Suppose 0*q = 2*q - b. What is the units digit of q?
7
Suppose 3*b = -4*q - 56, 4*q - 19 = 3*b + 45. Let o = b - -12. What is the units digit of ((-4)/o)/((-1)/(-2))?
1
Suppose 0 = -2*v + 3*v - 32. What is the tens digit of v?
3
Let x be (29 + 1)/(1 - 2). Let l = -17 - x. What is the tens digit of l?
1
Let f = 68 - 138. Let o = 99 + f. What is the units digit of o?
9
Suppose -n + 6 + 0 = 0. Let s be 13/5 + n/15. Suppose -5*u + 5*l = -6 - 9, 39 = 3*u + s*l. What is the units digit of u?
8
Let w = -3 - -3. Suppose 4*i - 2*i = w. Suppose i = 2*x - 14 - 16. What is the tens digit of x?
1
Let j(t) = 2*t**3 - 2*t**2 + t. Let v be j(1). What is the units digit of v*-3*5/(-3)?
5
Let f(u) = u - 2*u + 4 - 3 + 4*u**2 - 5*